t are the prime factors of 5716?
2, 1429
List the prime factors of 166.
2, 83
List the prime factors of 348.
2, 3, 29
List the prime factors of 6236.
2, 1559
List the prime factors of 2172.
2, 3, 181
What are the prime factors of 715?
5, 11, 13
List the prime factors of 12272.
2, 13, 59
List the prime factors of 711.
3, 79
What are the prime factors of 96?
2, 3
List the prime factors of 29391.
3, 97, 101
List the prime factors of 424.
2, 53
List the prime factors of 21824.
2, 11, 31
What are the prime factors of 23045?
5, 11, 419
What are the prime factors of 1991?
11, 181
List the prime factors of 41776.
2, 7, 373
List the prime factors of 230.
2, 5, 23
What are the prime factors of 747?
3, 83
List the prime factors of 1683.
3, 11, 17
List the prime factors of 48945.
3, 5, 13, 251
List the prime factors of 2095.
5, 419
List the prime factors of 4340.
2, 5, 7, 31
List the prime factors of 25832.
2, 3229
List the prime factors of 435.
3, 5, 29
What are the prime factors of 12779?
13, 983
List the prime factors of 2363.
17, 139
List the prime factors of 15767.
15767
What are the prime factors of 10920?
2, 3, 5, 7, 13
What are the prime factors of 62302?
2, 31151
List the prime factors of 1735.
5, 347
What are the prime factors of 10924?
2, 2731
What are the prime factors of 68413?
37, 43
List the prime factors of 27893.
27893
What are the prime factors of 161491?
11, 53, 277
List the prime factors of 51.
3, 17
List the prime factors of 1753.
1753
What are the prime factors of 17544?
2, 3, 17, 43
What are the prime factors of 141174?
2, 3, 11, 23, 31
List the prime factors of 29290.
2, 5, 29, 101
What are the prime factors of 14820?
2, 3, 5, 13, 19
List the prime factors of 5037.
3, 23, 73
List the prime factors of 1349.
19, 71
List the prime factors of 5785.
5, 13, 89
What are the prime factors of 31335?
3, 5, 2089
What are the prime factors of 17733?
3, 23, 257
List the prime factors of 60428.
2, 15107
What are the prime factors of 2771?
17, 163
List the prime factors of 173870.
2, 5, 17387
List the prime factors of 4623.
3, 23, 67
List the prime factors of 6612.
2, 3, 19, 29
What are the prime factors of 1631?
7, 233
What are the prime factors of 53325?
3, 5, 79
What are the prime factors of 565?
5, 113
What are the prime factors of 44677?
43, 1039
List the prime factors of 1488.
2, 3, 31
List the prime factors of 63718.
2, 31859
List the prime factors of 1835.
5, 367
List the prime factors of 2427.
3, 809
What are the prime factors of 1058?
2, 23
List the prime factors of 1614.
2, 3, 269
What are the prime factors of 2548?
2, 7, 13
List the prime factors of 7123.
17, 419
List the prime factors of 688.
2, 43
What are the prime factors of 6752?
2, 211
List the prime factors of 10989.
3, 11, 37
List the prime factors of 16313.
11, 1483
List the prime factors of 30786.
2, 3, 7, 733
List the prime factors of 10220.
2, 5, 7, 73
List the prime factors of 15160.
2, 5, 379
What are the prime factors of 124094?
2, 62047
List the prime factors of 22396.
2, 11, 509
What are the prime factors of 376?
2, 47
What are the prime factors of 7122?
2, 3, 1187
What are the prime factors of 22689?
3, 2521
List the prime factors of 9229.
11, 839
List the prime factors of 11188.
2, 2797
List the prime factors of 34582.
2, 17291
List the prime factors of 36020.
2, 5, 1801
List the prime factors of 6516.
2, 3, 181
What are the prime factors of 1532?
2, 383
List the prime factors of 34719.
3, 71, 163
List the prime factors of 208.
2, 13
List the prime factors of 4945.
5, 23, 43
List the prime factors of 7175.
5, 7, 41
What are the prime factors of 11063?
13, 23, 37
What are the prime factors of 9477?
3, 13
List the prime factors of 128.
2
What are the prime factors of 1094?
2, 547
What are the prime factors of 1745?
5, 349
List the prime factors of 3012.
2, 3, 251
What are the prime factors of 21332?
2, 5333
What are the prime factors of 330?
2, 3, 5, 11
List the prime factors of 6069.
3, 7, 17
What are the prime factors of 5727?
3, 23, 83
List the prime factors of 8512.
2, 7, 19
List the prime factors of 3373.
3373
What are the prime factors of 52074?
2, 3, 11, 263
List the prime factors of 917.
7, 131
List the prime factors of 297.
3, 11
List the prime factors of 620.
2, 5, 31
What are the prime factors of 3330?
2, 3, 5, 37
What are the prime factors of 21268?
2, 13, 409
What are the prime factors of 30020?
2, 5, 19, 79
What are the prime factors of 2435?
5, 487
List the prime factors of 12607.
7, 1801
List the prime factors of 20274.
2, 3, 31, 109
List the prime factors of 12204.
2, 3, 113
List the prime factors of 35512.
2, 23, 193
What are the prime factors of 71087?
67, 1061
What are the prime factors of 9691?
11, 881
List the prime factors of 141.
3, 47
What are the prime factors of 919?
919
What are the prime factors of 32032?
2, 7, 11, 13
List the prime factors of 23548.
2, 7, 29
List the prime factors of 3229.
3229
What are the prime factors of 1994?
2, 997
List the prime factors of 106.
2, 53
What are the prime factors of 1764?
2, 3, 7
What are the prime factors of 6897?
3, 11, 19
List the prime factors of 47315.
5, 9463
What are the prime factors of 52052?
2, 7, 11, 13
List the prime factors of 51642.
2, 3, 19, 151
List the prime factors of 71873.
41, 1753
List the prime factors of 3074.
2, 29, 53
What are the prime factors of 5426?
2, 2713
What are the prime factors of 43094?
2, 29, 743
List the prime factors of 2758.
2, 7, 197
List the prime factors of 597.
3, 199
List the prime factors of 797.
797
What are the prime factors of 25596?
2, 3, 79
List the prime factors of 14087.
14087
List the prime factors of 13418.
2, 6709
What are the prime factors of 5802?
2, 3, 967
What are the prime factors of 498?
2, 3, 83
What are the prime factors of 1351?
7, 193
List the prime factors of 49180.
2, 5, 2459
What are the prime factors of 870?
2, 3, 5, 29
List the prime factors of 50598.
2, 3, 937
What are the prime factors of 245?
5, 7
List the prime factors of 820.
2, 5, 41
What are the prime factors of 22251?
3, 7417
What are the prime factors of 1854?
2, 3, 103
What are the prime factors of 4219?
4219
What are the prime factors of 236?
2, 59
What are the prime factors of 64602?
2, 3, 37, 97
What are the prime factors of 2107?
7, 43
List the prime factors of 4818.
2, 3, 11, 73
List the prime factors of 825.
3, 5, 11
What are the prime factors of 805?
5, 7, 23
List the prime factors of 17768.
2, 2221
List the prime factors of 2327.
13, 179
List the prime factors of 398.
2, 199
What are the prime factors of 3698?
2, 43
List the prime factors of 52876.
2, 13219
What are the prime factors of 692?
2, 173
What are the prime factors of 39125?
5, 313
What are the prime factors of 802?
2, 401
What are the prime factors of 622?
2, 311
What are the prime factors of 19410?
2, 3, 5, 647
What are the prime factors of 2893?
11, 263
What are the prime factors of 934?
2, 467
What are the prime factors of 1276?
2, 11, 29
List the prime factors of 3284.
2, 821
List the prime factors of 11851.
7, 1693
List the prime factors of 7406.
2, 7, 23
What are the prime factors of 20272?
2, 7, 181
List the prime factors of 1819.
17, 107
List the prime factors of 169.
13
List the prime factors of 9930.
2, 3, 5, 331
List the prime factors of 5162.
2, 29, 89
List the prime factors of 972.
2, 3
List the prime factors of 28690.
2, 5, 19, 151
List the prime factors of 76752.
2, 3, 13, 41
What are the prime factors of 295?
5, 59
List the prime factors of 958.
2, 479
What are the prime factors of 12631?
17, 743
List the prime factors of 7546.
2, 7, 11
What are the prime factors of 275?
5, 11
What are the prime factors of 19896?
2, 3, 829
What are the prime factors of 16286?
2, 17, 479
What are the prime factors of 38861?
38861
List the prime factors of 6235.
5, 29, 43
List the prime factors of 9089.
61, 149
List the prime factors of 2501.
41, 61
What are the prime factors of 1589?
7, 227
List the prime factors of 201.
3, 67
What are the prime factors of 1646?
2, 823
What are the prime factors of 37482?
2, 3, 6247
List the prime factors of 12718.
2, 6359
List the prime factors of 56.
2, 7
What are the prime factors of 14508?
2, 3, 13, 31
What are the prime factors of 4094?
2, 23, 89
List the prime f